The module torch.distributed.launch is deprecated and going to be removed in future.Migrate to torch.distributed.run WARNING:torch.distributed.run:--use_env is deprecated and will be removed in future releases. Please read local_rank from `os.environ('LOCAL_RANK')` instead. INFO:torch.distributed.launcher.api:Starting elastic_operator with launch configs: entrypoint : pretrain_bert.py min_nodes : 4 max_nodes : 4 nproc_per_node : 8 run_id : none rdzv_backend : static rdzv_endpoint : 198.18.8.30:6000 rdzv_configs : {'rank': 3, 'timeout': 900} max_restarts : 3 monitor_interval : 5 log_dir : None metrics_cfg : {} INFO:torch.distributed.elastic.agent.server.local_elastic_agent:log directory set to: /tmp/torchelastic_ir3byeal/none_3yb_qrcn INFO:torch.distributed.elastic.agent.server.api:[default] starting workers for entrypoint: python INFO:torch.distributed.elastic.agent.server.api:[default] Rendezvous'ing worker group /opt/conda/lib/python3.8/site-packages/torch/distributed/elastic/utils/store.py:52: FutureWarning: This is an experimental API and will be changed in future. warnings.warn( INFO:torch.distributed.elastic.agent.server.api:[default] Rendezvous complete for workers. Result: restart_count=0 master_addr=198.18.8.30 master_port=6000 group_rank=3 group_world_size=4 local_ranks=[0, 1, 2, 3, 4, 5, 6, 7] role_ranks=[24, 25, 26, 27, 28, 29, 30, 31] global_ranks=[24, 25, 26, 27, 28, 29, 30, 31] role_world_sizes=[32, 32, 32, 32, 32, 32, 32, 32] global_world_sizes=[32, 32, 32, 32, 32, 32, 32, 32] INFO:torch.distributed.elastic.agent.server.api:[default] Starting worker group INFO:torch.distributed.elastic.multiprocessing:Setting worker0 reply file to: /tmp/torchelastic_ir3byeal/none_3yb_qrcn/attempt_0/0/error.json INFO:torch.distributed.elastic.multiprocessing:Setting worker1 reply file to: /tmp/torchelastic_ir3byeal/none_3yb_qrcn/attempt_0/1/error.json INFO:torch.distributed.elastic.multiprocessing:Setting worker2 reply file to: /tmp/torchelastic_ir3byeal/none_3yb_qrcn/attempt_0/2/error.json INFO:torch.distributed.elastic.multiprocessing:Setting worker3 reply file to: /tmp/torchelastic_ir3byeal/none_3yb_qrcn/attempt_0/3/error.json INFO:torch.distributed.elastic.multiprocessing:Setting worker4 reply file to: /tmp/torchelastic_ir3byeal/none_3yb_qrcn/attempt_0/4/error.json INFO:torch.distributed.elastic.multiprocessing:Setting worker5 reply file to: /tmp/torchelastic_ir3byeal/none_3yb_qrcn/attempt_0/5/error.json INFO:torch.distributed.elastic.multiprocessing:Setting worker6 reply file to: /tmp/torchelastic_ir3byeal/none_3yb_qrcn/attempt_0/6/error.json INFO:torch.distributed.elastic.multiprocessing:Setting worker7 reply file to: /tmp/torchelastic_ir3byeal/none_3yb_qrcn/attempt_0/7/error.json [W ProcessGroupNCCL.cpp:1671] Rank 31 using best-guess GPU 7 to perform barrier as devices used by this process are currently unknown. This can potentially cause a hang if this rank to GPU mapping is incorrect.Specify device_ids in barrier() to force use of a particular device. [W ProcessGroupNCCL.cpp:1671] Rank 29 using best-guess GPU 5 to perform barrier as devices used by this process are currently unknown. This can potentially cause a hang if this rank to GPU mapping is incorrect.Specify device_ids in barrier() to force use of a particular device. [W ProcessGroupNCCL.cpp:1671] Rank 25 using best-guess GPU 1 to perform barrier as devices used by this process are currently unknown. This can potentially cause a hang if this rank to GPU mapping is incorrect.Specify device_ids in barrier() to force use of a particular device. [W ProcessGroupNCCL.cpp:1671] Rank 26 using best-guess GPU 2 to perform barrier as devices used by this process are currently unknown. This can potentially cause a hang if this rank to GPU mapping is incorrect.Specify device_ids in barrier() to force use of a particular device. [W ProcessGroupNCCL.cpp:1671] Rank 27 using best-guess GPU 3 to perform barrier as devices used by this process are currently unknown. This can potentially cause a hang if this rank to GPU mapping is incorrect.Specify device_ids in barrier() to force use of a particular device. [W ProcessGroupNCCL.cpp:1671] Rank 24 using best-guess GPU 0 to perform barrier as devices used by this process are currently unknown. This can potentially cause a hang if this rank to GPU mapping is incorrect.Specify device_ids in barrier() to force use of a particular device. [W ProcessGroupNCCL.cpp:1671] Rank 30 using best-guess GPU 6 to perform barrier as devices used by this process are currently unknown. This can potentially cause a hang if this rank to GPU mapping is incorrect.Specify device_ids in barrier() to force use of a particular device. [W ProcessGroupNCCL.cpp:1671] Rank 28 using best-guess GPU 4 to perform barrier as devices used by this process are currently unknown. This can potentially cause a hang if this rank to GPU mapping is incorrect.Specify device_ids in barrier() to force use of a particular device.
iv-2udaavw4l02thdv8lcrl:3373:3373 [0] NCCL INFO Bootstrap : Using eth0:192.168.11.42<0>
iv-2udaavw4l02thdv8lcrl:3379:3379 [6] NCCL INFO Bootstrap : Using eth0:192.168.11.42<0>
iv-2udaavw4l02thdv8lcrl:3376:3376 [3] NCCL INFO Bootstrap : Using eth0:192.168.11.42<0>
iv-2udaavw4l02thdv8lcrl:3380:3380 [7] NCCL INFO Bootstrap : Using eth0:192.168.11.42<0>
iv-2udaavw4l02thdv8lcrl:3373:3373 [0] NCCL INFO Plugin Path : /opt/hpcx/nccl_rdma_sharp_plugin/lib/libnccl-net.so
iv-2udaavw4l02thdv8lcrl:3373:3373 [0] NCCL INFO P2P plugin IBext
iv-2udaavw4l02thdv8lcrl:3373:3373 [0] NCCL INFO NCCL_IB_PCI_RELAXED_ORDERING set by environment to 1.
iv-2udaavw4l02thdv8lcrl:3379:3379 [6] NCCL INFO Plugin Path : /opt/hpcx/nccl_rdma_sharp_plugin/lib/libnccl-net.so
iv-2udaavw4l02thdv8lcrl:3379:3379 [6] NCCL INFO P2P plugin IBext
iv-2udaavw4l02thdv8lcrl:3379:3379 [6] NCCL INFO NCCL_IB_PCI_RELAXED_ORDERING set by environment to 1.
iv-2udaavw4l02thdv8lcrl:3376:3376 [3] NCCL INFO Plugin Path : /opt/hpcx/nccl_rdma_sharp_plugin/lib/libnccl-net.so
iv-2udaavw4l02thdv8lcrl:3376:3376 [3] NCCL INFO P2P plugin IBext
iv-2udaavw4l02thdv8lcrl:3376:3376 [3] NCCL INFO NCCL_IB_PCI_RELAXED_ORDERING set by environment to 1.
iv-2udaavw4l02thdv8lcrl:3374:3374 [1] NCCL INFO Bootstrap : Using eth0:192.168.11.42<0>
iv-2udaavw4l02thdv8lcrl:3377:3377 [4] NCCL INFO Bootstrap : Using eth0:192.168.11.42<0>
iv-2udaavw4l02thdv8lcrl:3380:3380 [7] NCCL INFO Plugin Path : /opt/hpcx/nccl_rdma_sharp_plugin/lib/libnccl-net.so
iv-2udaavw4l02thdv8lcrl:3380:3380 [7] NCCL INFO P2P plugin IBext
iv-2udaavw4l02thdv8lcrl:3380:3380 [7] NCCL INFO NCCL_IB_PCI_RELAXED_ORDERING set by environment to 1.
iv-2udaavw4l02thdv8lcrl:3375:3375 [2] NCCL INFO Bootstrap : Using eth0:192.168.11.42<0>
iv-2udaavw4l02thdv8lcrl:3378:3378 [5] NCCL INFO Bootstrap : Using eth0:192.168.11.42<0>
iv-2udaavw4l02thdv8lcrl:3374:3374 [1] NCCL INFO Plugin Path : /opt/hpcx/nccl_rdma_sharp_plugin/lib/libnccl-net.so
iv-2udaavw4l02thdv8lcrl:3374:3374 [1] NCCL INFO P2P plugin IBext
iv-2udaavw4l02thdv8lcrl:3374:3374 [1] NCCL INFO NCCL_IB_PCI_RELAXED_ORDERING set by environment to 1.
iv-2udaavw4l02thdv8lcrl:3377:3377 [4] NCCL INFO Plugin Path : /opt/hpcx/nccl_rdma_sharp_plugin/lib/libnccl-net.so
iv-2udaavw4l02thdv8lcrl:3377:3377 [4] NCCL INFO P2P plugin IBext
iv-2udaavw4l02thdv8lcrl:3377:3377 [4] NCCL INFO NCCL_IB_PCI_RELAXED_ORDERING set by environment to 1.
iv-2udaavw4l02thdv8lcrl:3375:3375 [2] NCCL INFO Plugin Path : /opt/hpcx/nccl_rdma_sharp_plugin/lib/libnccl-net.so
iv-2udaavw4l02thdv8lcrl:3375:3375 [2] NCCL INFO P2P plugin IBext
iv-2udaavw4l02thdv8lcrl:3375:3375 [2] NCCL INFO NCCL_IB_PCI_RELAXED_ORDERING set by environment to 1.
iv-2udaavw4l02thdv8lcrl:3378:3378 [5] NCCL INFO Plugin Path : /opt/hpcx/nccl_rdma_sharp_plugin/lib/libnccl-net.so
iv-2udaavw4l02thdv8lcrl:3378:3378 [5] NCCL INFO P2P plugin IBext
iv-2udaavw4l02thdv8lcrl:3378:3378 [5] NCCL INFO NCCL_IB_PCI_RELAXED_ORDERING set by environment to 1.
iv-2udaavw4l02thdv8lcrl:3373:3373 [0] NCCL INFO NET/IB : Using [0]mlx5_1:1/RoCE ; OOB eth0:192.168.11.42<0>
iv-2udaavw4l02thdv8lcrl:3373:3373 [0] NCCL INFO Using network IBext
iv-2udaavw4l02thdv8lcrl:3376:3376 [3] NCCL INFO NET/IB : Using [0]mlx5_1:1/RoCE ; OOB eth0:192.168.11.42<0>
iv-2udaavw4l02thdv8lcrl:3376:3376 [3] NCCL INFO Using network IBext
iv-2udaavw4l02thdv8lcrl:3377:3377 [4] NCCL INFO NET/IB : Using [0]mlx5_1:1/RoCE ; OOB eth0:192.168.11.42<0>
iv-2udaavw4l02thdv8lcrl:3377:3377 [4] NCCL INFO Using network IBext
iv-2udaavw4l02thdv8lcrl:3379:3379 [6] NCCL INFO NET/IB : Using [0]mlx5_1:1/RoCE ; OOB eth0:192.168.11.42<0>
iv-2udaavw4l02thdv8lcrl:3379:3379 [6] NCCL INFO Using network IBext
iv-2udaavw4l02thdv8lcrl:3374:3374 [1] NCCL INFO NET/IB : Using [0]mlx5_1:1/RoCE ; OOB eth0:192.168.11.42<0>
iv-2udaavw4l02thdv8lcrl:3374:3374 [1] NCCL INFO Using network IBext
iv-2udaavw4l02thdv8lcrl:3378:3378 [5] NCCL INFO NET/IB : Using [0]mlx5_1:1/RoCE ; OOB eth0:192.168.11.42<0>
iv-2udaavw4l02thdv8lcrl:3378:3378 [5] NCCL INFO Using network IBext
iv-2udaavw4l02thdv8lcrl:3380:3380 [7] NCCL INFO NET/IB : Using [0]mlx5_1:1/RoCE ; OOB eth0:192.168.11.42<0>
iv-2udaavw4l02thdv8lcrl:3375:3375 [2] NCCL INFO NET/IB : Using [0]mlx5_1:1/RoCE ; OOB eth0:192.168.11.42<0>
iv-2udaavw4l02thdv8lcrl:3375:3375 [2] NCCL INFO Using network IBext
iv-2udaavw4l02thdv8lcrl:3380:3380 [7] NCCL INFO Using network IBext
iv-2udaavw4l02thdv8lcrl:3376:3571 [3] NCCL INFO NCCL_IB_GID_INDEX set by environment to 3.
iv-2udaavw4l02thdv8lcrl:3379:3573 [6] NCCL INFO NCCL_IB_GID_INDEX set by environment to 3.
iv-2udaavw4l02thdv8lcrl:3380:3577 [7] NCCL INFO NCCL_IB_GID_INDEX set by environment to 3.
iv-2udaavw4l02thdv8lcrl:3378:3575 [5] NCCL INFO NCCL_IB_GID_INDEX set by environment to 3.
iv-2udaavw4l02thdv8lcrl:3374:3574 [1] NCCL INFO NCCL_IB_GID_INDEX set by environment to 3.
iv-2udaavw4l02thdv8lcrl:3373:3570 [0] NCCL INFO NCCL_IB_GID_INDEX set by environment to 3.
iv-2udaavw4l02thdv8lcrl:3377:3572 [4] NCCL INFO NCCL_IB_GID_INDEX set by environment to 3.
iv-2udaavw4l02thdv8lcrl:3375:3576 [2] NCCL INFO NCCL_IB_GID_INDEX set by environment to 3.
iv-2udaavw4l02thdv8lcrl:3380:3577 [7] NCCL INFO NCCL_IB_TIMEOUT set by environment to 23.
iv-2udaavw4l02thdv8lcrl:3376:3571 [3] NCCL INFO NCCL_IB_TIMEOUT set by environment to 23.
iv-2udaavw4l02thdv8lcrl:3379:3573 [6] NCCL INFO NCCL_IB_TIMEOUT set by environment to 23.
iv-2udaavw4l02thdv8lcrl:3374:3574 [1] NCCL INFO NCCL_IB_TIMEOUT set by environment to 23.
iv-2udaavw4l02thdv8lcrl:3378:3575 [5] NCCL INFO NCCL_IB_TIMEOUT set by environment to 23.
iv-2udaavw4l02thdv8lcrl:3377:3572 [4] NCCL INFO NCCL_IB_TIMEOUT set by environment to 23.
iv-2udaavw4l02thdv8lcrl:3376:3571 [3] NCCL INFO NCCL_IB_RETRY_CNT set by environment to 7.
iv-2udaavw4l02thdv8lcrl:3374:3574 [1] NCCL INFO NCCL_IB_RETRY_CNT set by environment to 7.
iv-2udaavw4l02thdv8lcrl:3379:3573 [6] NCCL INFO NCCL_IB_RETRY_CNT set by environment to 7.
iv-2udaavw4l02thdv8lcrl:3380:3577 [7] NCCL INFO NCCL_IB_RETRY_CNT set by environment to 7.
iv-2udaavw4l02thdv8lcrl:3378:3575 [5] NCCL INFO NCCL_IB_RETRY_CNT set by environment to 7.
iv-2udaavw4l02thdv8lcrl:3377:3572 [4] NCCL INFO NCCL_IB_RETRY_CNT set by environment to 7.
iv-2udaavw4l02thdv8lcrl:3375:3576 [2] NCCL INFO NCCL_IB_TIMEOUT set by environment to 23.
iv-2udaavw4l02thdv8lcrl:3375:3576 [2] NCCL INFO NCCL_IB_RETRY_CNT set by environment to 7.
iv-2udaavw4l02thdv8lcrl:3373:3570 [0] NCCL INFO NCCL_IB_TIMEOUT set by environment to 23.
iv-2udaavw4l02thdv8lcrl:3373:3570 [0] NCCL INFO NCCL_IB_RETRY_CNT set by environment to 7.
iv-2udaavw4l02thdv8lcrl:3373:3570 [0] NCCL INFO Trees [0] 26/-1/-1->24->31 [1] 26/-1/-1->24->31
iv-2udaavw4l02thdv8lcrl:3373:3570 [0] NCCL INFO Setting affinity for GPU 0 to 03ff,ffffffff
iv-2udaavw4l02thdv8lcrl:3375:3576 [2] NCCL INFO Trees [0] 27/-1/-1->26->24 [1] 27/-1/-1->26->24
iv-2udaavw4l02thdv8lcrl:3374:3574 [1] NCCL INFO Trees [0] 30/-1/-1->25->27 [1] 30/-1/-1->25->27
iv-2udaavw4l02thdv8lcrl:3375:3576 [2] NCCL INFO Setting affinity for GPU 2 to 03ff,ffffffff
iv-2udaavw4l02thdv8lcrl:3374:3574 [1] NCCL INFO Setting affinity for GPU 1 to 03ff,ffffffff
iv-2udaavw4l02thdv8lcrl:3377:3572 [4] NCCL INFO Trees [0] 29/-1/-1->28->20 [1] 29/12/-1->28->-1
iv-2udaavw4l02thdv8lcrl:3376:3571 [3] NCCL INFO Trees [0] 25/-1/-1->27->26 [1] 25/-1/-1->27->26
iv-2udaavw4l02thdv8lcrl:3376:3571 [3] NCCL INFO Setting affinity for GPU 3 to 03ff,ffffffff
iv-2udaavw4l02thdv8lcrl:3377:3572 [4] NCCL INFO Setting affinity for GPU 4 to 0fffff,fffffc00,00000000
iv-2udaavw4l02thdv8lcrl:3378:3575 [5] NCCL INFO Trees [0] 31/-1/-1->29->28 [1] 31/-1/-1->29->28
iv-2udaavw4l02thdv8lcrl:3379:3573 [6] NCCL INFO Trees [0] -1/-1/-1->30->25 [1] -1/-1/-1->30->25
iv-2udaavw4l02thdv8lcrl:3380:3577 [7] NCCL INFO Trees [0] 24/-1/-1->31->29 [1] 24/-1/-1->31->29
iv-2udaavw4l02thdv8lcrl:3379:3573 [6] NCCL INFO Setting affinity for GPU 6 to 0fffff,fffffc00,00000000
iv-2udaavw4l02thdv8lcrl:3378:3575 [5] NCCL INFO Setting affinity for GPU 5 to 0fffff,fffffc00,00000000
iv-2udaavw4l02thdv8lcrl:3380:3577 [7] NCCL INFO Setting affinity for GPU 7 to 0fffff,fffffc00,00000000
iv-2udaavw4l02thdv8lcrl:3375:3576 [2] NCCL INFO Channel 00 : 26[67010] -> 29[69020] via P2P/IPC
iv-2udaavw4l02thdv8lcrl:3375:3576 [2] NCCL INFO Channel 01 : 26[67010] -> 29[69020] via P2P/IPC
iv-2udaavw4l02thdv8lcrl:3379:3573 [6] NCCL INFO Channel 00 : 30[6b010] -> 31[6b020] via P2P/IPC
iv-2udaavw4l02thdv8lcrl:3373:3570 [0] NCCL INFO Channel 00 : 24[65010] -> 25[65020] via P2P/IPC
iv-2udaavw4l02thdv8lcrl:3377:3572 [4] NCCL INFO Channel 00 : 28[69010] -> 30[6b010] via P2P/IPC
iv-2udaavw4l02thdv8lcrl:3379:3573 [6] NCCL INFO Channel 01 : 30[6b010] -> 31[6b020] via P2P/IPC
iv-2udaavw4l02thdv8lcrl:3373:3570 [0] NCCL INFO Channel 01 : 24[65010] -> 25[65020] via P2P/IPC
iv-2udaavw4l02thdv8lcrl:3377:3572 [4] NCCL INFO Channel 01 : 28[69010] -> 30[6b010] via P2P/IPC
iv-2udaavw4l02thdv8lcrl:3374:3574 [1] NCCL INFO Channel 00 : 25[65020] -> 27[67020] via P2P/IPC
iv-2udaavw4l02thdv8lcrl:3378:3575 [5] NCCL INFO Channel 00 : 29[69020] -> 4[69010] [send] via NET/IBext/0/GDRDMA
iv-2udaavw4l02thdv8lcrl:3380:3577 [7] NCCL INFO Channel 00 : 31[6b020] -> 24[65010] via P2P/IPC
iv-2udaavw4l02thdv8lcrl:3374:3574 [1] NCCL INFO Channel 01 : 25[65020] -> 27[67020] via P2P/IPC
iv-2udaavw4l02thdv8lcrl:3378:3575 [5] NCCL INFO Channel 01 : 29[69020] -> 4[69010] [send] via NET/IBext/0/GDRDMA
iv-2udaavw4l02thdv8lcrl:3380:3577 [7] NCCL INFO Channel 01 : 31[6b020] -> 24[65010] via P2P/IPC
iv-2udaavw4l02thdv8lcrl:3374:3574 [1] NCCL INFO Connected all rings
iv-2udaavw4l02thdv8lcrl:3379:3573 [6] NCCL INFO Connected all rings
iv-2udaavw4l02thdv8lcrl:3373:3570 [0] NCCL INFO Connected all rings
iv-2udaavw4l02thdv8lcrl:3380:3577 [7] NCCL INFO Connected all rings
iv-2udaavw4l02thdv8lcrl:3374:3574 [1] NCCL INFO Channel 00 : 25[65020] -> 30[6b010] via P2P/IPC
iv-2udaavw4l02thdv8lcrl:3376:3571 [3] NCCL INFO Channel 00 : 27[67020] -> 26[67010] via P2P/IPC
iv-2udaavw4l02thdv8lcrl:3377:3572 [4] NCCL INFO Channel 00 : 21[69020] -> 28[69010] [receive] via NET/IBext/0/GDRDMA
iv-2udaavw4l02thdv8lcrl:3373:3570 [0] NCCL INFO Channel 00 : 24[65010] -> 26[67010] via P2P/IPC
iv-2udaavw4l02thdv8lcrl:3374:3574 [1] NCCL INFO Channel 01 : 25[65020] -> 30[6b010] via P2P/IPC
iv-2udaavw4l02thdv8lcrl:3376:3571 [3] NCCL INFO Channel 01 : 27[67020] -> 26[67010] via P2P/IPC
iv-2udaavw4l02thdv8lcrl:3377:3572 [4] NCCL INFO Channel 01 : 21[69020] -> 28[69010] [receive] via NET/IBext/0/GDRDMA
iv-2udaavw4l02thdv8lcrl:3373:3570 [0] NCCL INFO Channel 01 : 24[65010] -> 26[67010] via P2P/IPC
iv-2udaavw4l02thdv8lcrl:3376:3571 [3] NCCL INFO Connected all rings
iv-2udaavw4l02thdv8lcrl:3375:3576 [2] NCCL INFO Connected all rings
iv-2udaavw4l02thdv8lcrl:3375:3576 [2] NCCL INFO Channel 00 : 26[67010] -> 27[67020] via P2P/IPC
iv-2udaavw4l02thdv8lcrl:3379:3573 [6] NCCL INFO Channel 00 : 30[6b010] -> 25[65020] via P2P/IPC
iv-2udaavw4l02thdv8lcrl:3375:3576 [2] NCCL INFO Channel 01 : 26[67010] -> 27[67020] via P2P/IPC
iv-2udaavw4l02thdv8lcrl:3378:3575 [5] NCCL INFO Connected all rings
iv-2udaavw4l02thdv8lcrl:3379:3573 [6] NCCL INFO Channel 01 : 30[6b010] -> 25[65020] via P2P/IPC
iv-2udaavw4l02thdv8lcrl:3377:3572 [4] NCCL INFO Connected all rings
iv-2udaavw4l02thdv8lcrl:3379:3573 [6] NCCL INFO Connected all trees
iv-2udaavw4l02thdv8lcrl:3379:3573 [6] NCCL INFO threadThresholds 8/8/64 | 256/8/64 | 8/8/512
iv-2udaavw4l02thdv8lcrl:3379:3573 [6] NCCL INFO 2 coll channels, 2 p2p channels, 1 p2p channels per peer
iv-2udaavw4l02thdv8lcrl:3377:3572 [4] NCCL INFO Channel 00 : 28[69010] -> 29[69020] via P2P/IPC
iv-2udaavw4l02thdv8lcrl:3376:3571 [3] NCCL INFO Channel 00 : 27[67020] -> 25[65020] via P2P/IPC
iv-2udaavw4l02thdv8lcrl:3377:3572 [4] NCCL INFO Channel 01 : 28[69010] -> 29[69020] via P2P/IPC
iv-2udaavw4l02thdv8lcrl:3376:3571 [3] NCCL INFO Channel 01 : 27[67020] -> 25[65020] via P2P/IPC
iv-2udaavw4l02thdv8lcrl:3378:3575 [5] NCCL INFO Channel 00 : 29[69020] -> 31[6b020] via P2P/IPC
iv-2udaavw4l02thdv8lcrl:3377:3572 [4] NCCL INFO Channel 00 : 20[69010] -> 28[69010] [receive] via NET/IBext/0/GDRDMA
iv-2udaavw4l02thdv8lcrl:3375:3576 [2] NCCL INFO Channel 00 : 26[67010] -> 24[65010] via P2P/IPC
iv-2udaavw4l02thdv8lcrl:3373:3570 [0] NCCL INFO Channel 00 : 24[65010] -> 31[6b020] via P2P/IPC
iv-2udaavw4l02thdv8lcrl:3378:3575 [5] NCCL INFO Channel 01 : 29[69020] -> 31[6b020] via P2P/IPC
iv-2udaavw4l02thdv8lcrl:3375:3576 [2] NCCL INFO Channel 01 : 26[67010] -> 24[65010] via P2P/IPC
iv-2udaavw4l02thdv8lcrl:3374:3574 [1] NCCL INFO Connected all trees
iv-2udaavw4l02thdv8lcrl:3374:3574 [1] NCCL INFO threadThresholds 8/8/64 | 256/8/64 | 8/8/512
iv-2udaavw4l02thdv8lcrl:3374:3574 [1] NCCL INFO 2 coll channels, 2 p2p channels, 1 p2p channels per peer
iv-2udaavw4l02thdv8lcrl:3373:3570 [0] NCCL INFO Channel 01 : 24[65010] -> 31[6b020] via P2P/IPC
iv-2udaavw4l02thdv8lcrl:3376:3571 [3] NCCL INFO Connected all trees
iv-2udaavw4l02thdv8lcrl:3376:3571 [3] NCCL INFO threadThresholds 8/8/64 | 256/8/64 | 8/8/512
iv-2udaavw4l02thdv8lcrl:3376:3571 [3] NCCL INFO 2 coll channels, 2 p2p channels, 1 p2p channels per peer
iv-2udaavw4l02thdv8lcrl:3374:3574 [1] NCCL INFO Channel 01 : 25[65020] -> 28[69010] via P2P/indirect/30[6b010]
iv-2udaavw4l02thdv8lcrl:3376:3571 [3] NCCL INFO Channel 00 : 27[67020] -> 29[69020] via P2P/indirect/28[69010]
iv-2udaavw4l02thdv8lcrl:3377:3572 [4] NCCL INFO Channel 01 : 12[69010] -> 28[69010] [receive] via NET/IBext/0/GDRDMA
iv-2udaavw4l02thdv8lcrl:3377:3572 [4] NCCL INFO Channel 01 : 28[69010] -> 12[69010] [send] via NET/IBext/0/GDRDMA
iv-2udaavw4l02thdv8lcrl:3380:3577 [7] NCCL INFO Channel 00 : 31[6b020] -> 29[69020] via P2P/IPC
iv-2udaavw4l02thdv8lcrl:3380:3577 [7] NCCL INFO Channel 01 : 31[6b020] -> 29[69020] via P2P/IPC
iv-2udaavw4l02thdv8lcrl:3380:3577 [7] NCCL INFO Connected all trees
iv-2udaavw4l02thdv8lcrl:3380:3577 [7] NCCL INFO threadThresholds 8/8/64 | 256/8/64 | 8/8/512
iv-2udaavw4l02thdv8lcrl:3380:3577 [7] NCCL INFO 2 coll channels, 2 p2p channels, 1 p2p channels per peer
iv-2udaavw4l02thdv8lcrl:3378:3575 [5] NCCL INFO Channel 00 : 29[69020] -> 28[69010] via P2P/IPC
iv-2udaavw4l02thdv8lcrl:3375:3576 [2] NCCL INFO Connected all trees
iv-2udaavw4l02thdv8lcrl:3375:3576 [2] NCCL INFO threadThresholds 8/8/64 | 256/8/64 | 8/8/512
iv-2udaavw4l02thdv8lcrl:3375:3576 [2] NCCL INFO 2 coll channels, 2 p2p channels, 1 p2p channels per peer
iv-2udaavw4l02thdv8lcrl:3373:3570 [0] NCCL INFO Connected all trees
iv-2udaavw4l02thdv8lcrl:3373:3570 [0] NCCL INFO threadThresholds 8/8/64 | 256/8/64 | 8/8/512
iv-2udaavw4l02thdv8lcrl:3373:3570 [0] NCCL INFO 2 coll channels, 2 p2p channels, 1 p2p channels per peer
iv-2udaavw4l02thdv8lcrl:3373:3570 [0] NCCL INFO Channel 00 : 24[65010] -> 28[69010] via P2P/indirect/27[67020]
iv-2udaavw4l02thdv8lcrl:3378:3575 [5] NCCL INFO Channel 01 : 29[69020] -> 28[69010] via P2P/IPC
iv-2udaavw4l02thdv8lcrl:3375:3576 [2] NCCL INFO Channel 00 : 26[67010] -> 28[69010] via P2P/indirect/29[69020]
iv-2udaavw4l02thdv8lcrl:3377:3572 [4] NCCL INFO Channel 00 : 28[69010] -> 20[69010] [send] via NET/IBext/0/GDRDMA
iv-2udaavw4l02thdv8lcrl:3377:3572 [4] NCCL INFO Connected all trees
iv-2udaavw4l02thdv8lcrl:3377:3572 [4] NCCL INFO threadThresholds 8/8/64 | 256/8/64 | 8/8/512
iv-2udaavw4l02thdv8lcrl:3377:3572 [4] NCCL INFO 2 coll channels, 2 p2p channels, 1 p2p channels per peer
iv-2udaavw4l02thdv8lcrl:3378:3575 [5] NCCL INFO Connected all trees
iv-2udaavw4l02thdv8lcrl:3378:3575 [5] NCCL INFO threadThresholds 8/8/64 | 256/8/64 | 8/8/512
iv-2udaavw4l02thdv8lcrl:3378:3575 [5] NCCL INFO 2 coll channels, 2 p2p channels, 1 p2p channels per peer
iv-2udaavw4l02thdv8lcrl:3375:3576 [2] NCCL INFO Channel 00 : 26[67010] -> 30[6b010] via P2P/indirect/25[65020]
iv-2udaavw4l02thdv8lcrl:3376:3571 [3] NCCL INFO Channel 01 : 27[67020] -> 30[6b010] via P2P/indirect/25[65020]
iv-2udaavw4l02thdv8lcrl:3374:3574 [1] NCCL INFO Channel 00 : 25[65020] -> 29[69020] via P2P/indirect/30[6b010]
iv-2udaavw4l02thdv8lcrl:3377:3572 [4] NCCL INFO Channel 00 : 28[69010] -> 24[65010] via P2P/indirect/31[6b020]
iv-2udaavw4l02thdv8lcrl:3376:3571 [3] NCCL INFO Channel 00 : 27[67020] -> 31[6b020] via P2P/indirect/24[65010]
iv-2udaavw4l02thdv8lcrl:3373:3570 [0] NCCL INFO Channel 01 : 24[65010] -> 29[69020] via P2P/indirect/31[6b020]
iv-2udaavw4l02thdv8lcrl:3374:3574 [1] NCCL INFO Channel 00 : 25[65020] -> 31[6b020] via P2P/indirect/24[65010]
iv-2udaavw4l02thdv8lcrl:3375:3576 [2] NCCL INFO Channel 01 : 26[67010] -> 31[6b020] via P2P/indirect/24[65010]
iv-2udaavw4l02thdv8lcrl:3378:3575 [5] NCCL INFO Channel 01 : 29[69020] -> 24[65010] via P2P/indirect/31[6b020]
iv-2udaavw4l02thdv8lcrl:3373:3570 [0] NCCL INFO Channel 00 : 24[65010] -> 30[6b010] via P2P/indirect/25[65020]
iv-2udaavw4l02thdv8lcrl:3379:3573 [6] NCCL INFO Channel 00 : 30[6b010] -> 24[65010] via P2P/indirect/31[6b020]
iv-2udaavw4l02thdv8lcrl:3380:3577 [7] NCCL INFO Channel 00 : 31[6b020] -> 25[65020] via P2P/indirect/30[6b010]
iv-2udaavw4l02thdv8lcrl:3379:3573 [6] NCCL INFO Channel 00 : 30[6b010] -> 26[67010] via P2P/indirect/29[69020]
iv-2udaavw4l02thdv8lcrl:3380:3577 [7] NCCL INFO Channel 01 : 31[6b020] -> 26[67010] via P2P/indirect/24[65010]
iv-2udaavw4l02thdv8lcrl:3378:3575 [5] NCCL INFO Channel 00 : 29[69020] -> 25[65020] via P2P/indirect/30[6b010]
iv-2udaavw4l02thdv8lcrl:3378:3575 [5] NCCL INFO Channel 00 : 29[69020] -> 27[67020] via P2P/indirect/26[67010]
iv-2udaavw4l02thdv8lcrl:3380:3577 [7] NCCL INFO Channel 00 : 31[6b020] -> 27[67020] via P2P/indirect/24[65010]
iv-2udaavw4l02thdv8lcrl:3377:3572 [4] NCCL INFO Channel 01 : 28[69010] -> 25[65020] via P2P/indirect/30[6b010]
iv-2udaavw4l02thdv8lcrl:3379:3573 [6] NCCL INFO Channel 01 : 30[6b010] -> 27[67020] via P2P/indirect/25[65020]
iv-2udaavw4l02thdv8lcrl:3377:3572 [4] NCCL INFO Channel 00 : 28[69010] -> 26[67010] via P2P/indirect/27[67020]
iv-2udaavw4l02thdv8lcrl:3375:3576 [2] NCCL INFO comm 0x7f1c7c008fb0 rank 26 nranks 32 cudaDev 2 busId 67010 - Init COMPLETE
iv-2udaavw4l02thdv8lcrl:3377:3572 [4] NCCL INFO comm 0x7fd478008fb0 rank 28 nranks 32 cudaDev 4 busId 69010 - Init COMPLETE
iv-2udaavw4l02thdv8lcrl:3376:3571 [3] NCCL INFO comm 0x7fc6b0008fb0 rank 27 nranks 32 cudaDev 3 busId 67020 - Init COMPLETE
iv-2udaavw4l02thdv8lcrl:3373:3570 [0] NCCL INFO comm 0x7f4c60008fb0 rank 24 nranks 32 cudaDev 0 busId 65010 - Init COMPLETE
iv-2udaavw4l02thdv8lcrl:3378:3575 [5] NCCL INFO comm 0x7f5ee0008fb0 rank 29 nranks 32 cudaDev 5 busId 69020 - Init COMPLETE
iv-2udaavw4l02thdv8lcrl:3374:3574 [1] NCCL INFO comm 0x7f7ef8008fb0 rank 25 nranks 32 cudaDev 1 busId 65020 - Init COMPLETE
iv-2udaavw4l02thdv8lcrl:3380:3577 [7] NCCL INFO comm 0x7f50bc008fb0 rank 31 nranks 32 cudaDev 7 busId 6b020 - Init COMPLETE
iv-2udaavw4l02thdv8lcrl:3379:3573 [6] NCCL INFO comm 0x7faea8008fb0 rank 30 nranks 32 cudaDev 6 busId 6b010 - Init COMPLETE
iv-2udaavw4l02thdv8lcrl:3379:3627 [6] NCCL INFO Trees [0] -1/-1/-1->1->0 [1] 0/-1/-1->1->-1
iv-2udaavw4l02thdv8lcrl:3379:3627 [6] NCCL INFO Setting affinity for GPU 6 to 0fffff,fffffc00,00000000
iv-2udaavw4l02thdv8lcrl:3379:3627 [6] NCCL INFO Channel 00 : 0[6b010] -> 1[6b010] [receive] via NET/IBext/0
iv-2udaavw4l02thdv8lcrl:3379:3627 [6] NCCL INFO Channel 01 : 0[6b010] -> 1[6b010] [receive] via NET/IBext/0
iv-2udaavw4l02thdv8lcrl:3377:3628 [4] NCCL INFO Trees [0] -1/-1/-1->1->0 [1] 0/-1/-1->1->-1
iv-2udaavw4l02thdv8lcrl:3377:3628 [4] NCCL INFO Setting affinity for GPU 4 to 0fffff,fffffc00,00000000
iv-2udaavw4l02thdv8lcrl:3380:3631 [7] NCCL INFO Trees [0] -1/-1/-1->1->0 [1] 0/-1/-1->1->-1
iv-2udaavw4l02thdv8lcrl:3380:3631 [7] NCCL INFO Setting affinity for GPU 7 to 0fffff,fffffc00,00000000
iv-2udaavw4l02thdv8lcrl:3377:3628 [4] NCCL INFO Channel 00 : 0[69010] -> 1[69010] [receive] via NET/IBext/0/GDRDMA
iv-2udaavw4l02thdv8lcrl:3377:3628 [4] NCCL INFO Channel 01 : 0[69010] -> 1[69010] [receive] via NET/IBext/0/GDRDMA
iv-2udaavw4l02thdv8lcrl:3376:3635 [3] NCCL INFO Trees [0] -1/-1/-1->1->0 [1] 0/-1/-1->1->-1
iv-2udaavw4l02thdv8lcrl:3376:3635 [3] NCCL INFO Setting affinity for GPU 3 to 03ff,ffffffff
iv-2udaavw4l02thdv8lcrl:3377:3628 [4] NCCL INFO Channel 00 : 1[69010] -> 0[69010] [send] via NET/IBext/0/GDRDMA
iv-2udaavw4l02thdv8lcrl:3374:3634 [1] NCCL INFO Trees [0] -1/-1/-1->1->0 [1] 0/-1/-1->1->-1
iv-2udaavw4l02thdv8lcrl:3374:3634 [1] NCCL INFO Setting affinity for GPU 1 to 03ff,ffffffff
iv-2udaavw4l02thdv8lcrl:3377:3628 [4] NCCL INFO Channel 01 : 1[69010] -> 0[69010] [send] via NET/IBext/0/GDRDMA
iv-2udaavw4l02thdv8lcrl:3379:3627 [6] NCCL INFO Channel 00 : 1[6b010] -> 0[6b010] [send] via NET/IBext/0
iv-2udaavw4l02thdv8lcrl:3373:3633 [0] NCCL INFO Trees [0] -1/-1/-1->1->0 [1] 0/-1/-1->1->-1
iv-2udaavw4l02thdv8lcrl:3373:3633 [0] NCCL INFO Setting affinity for GPU 0 to 03ff,ffffffff
iv-2udaavw4l02thdv8lcrl:3375:3639 [2] NCCL INFO Trees [0] -1/-1/-1->1->0 [1] 0/-1/-1->1->-1
iv-2udaavw4l02thdv8lcrl:3375:3639 [2] NCCL INFO Setting affinity for GPU 2 to 03ff,ffffffff
iv-2udaavw4l02thdv8lcrl:3378:3641 [5] NCCL INFO Trees [0] -1/-1/-1->1->0 [1] 0/-1/-1->1->-1
iv-2udaavw4l02thdv8lcrl:3378:3641 [5] NCCL INFO Setting affinity for GPU 5 to 0fffff,fffffc00,00000000
iv-2udaavw4l02thdv8lcrl:3380:3631 [7] NCCL INFO Channel 00 : 0[6b020] -> 1[6b020] [receive] via NET/IBext/0
iv-2udaavw4l02thdv8lcrl:3379:3627 [6] NCCL INFO Channel 01 : 1[6b010] -> 0[6b010] [send] via NET/IBext/0
iv-2udaavw4l02thdv8lcrl:3376:3635 [3] NCCL INFO Channel 00 : 0[67020] -> 1[67020] [receive] via NET/IBext/0
iv-2udaavw4l02thdv8lcrl:3374:3634 [1] NCCL INFO Channel 00 : 0[65020] -> 1[65020] [receive] via NET/IBext/0
iv-2udaavw4l02thdv8lcrl:3376:3635 [3] NCCL INFO Channel 01 : 0[67020] -> 1[67020] [receive] via NET/IBext/0
iv-2udaavw4l02thdv8lcrl:3373:3633 [0] NCCL INFO Channel 00 : 0[65010] -> 1[65010] [receive] via NET/IBext/0
iv-2udaavw4l02thdv8lcrl:3375:3639 [2] NCCL INFO Channel 00 : 0[67010] -> 1[67010] [receive] via NET/IBext/0
iv-2udaavw4l02thdv8lcrl:3378:3641 [5] NCCL INFO Channel 00 : 0[69020] -> 1[69020] [receive] via NET/IBext/0/GDRDMA
iv-2udaavw4l02thdv8lcrl:3380:3631 [7] NCCL INFO Channel 01 : 0[6b020] -> 1[6b020] [receive] via NET/IBext/0
iv-2udaavw4l02thdv8lcrl:3374:3634 [1] NCCL INFO Channel 01 : 0[65020] -> 1[65020] [receive] via NET/IBext/0
iv-2udaavw4l02thdv8lcrl:3378:3641 [5] NCCL INFO Channel 01 : 0[69020] -> 1[69020] [receive] via NET/IBext/0/GDRDMA
iv-2udaavw4l02thdv8lcrl:3378:3641 [5] NCCL INFO Channel 00 : 1[69020] -> 0[69020] [send] via NET/IBext/0/GDRDMA
iv-2udaavw4l02thdv8lcrl:3376:3635 [3] NCCL INFO Channel 00 : 1[67020] -> 0[67020] [send] via NET/IBext/0
iv-2udaavw4l02thdv8lcrl:3375:3639 [2] NCCL INFO Channel 01 : 0[67010] -> 1[67010] [receive] via NET/IBext/0
iv-2udaavw4l02thdv8lcrl:3373:3633 [0] NCCL INFO Channel 01 : 0[65010] -> 1[65010] [receive] via NET/IBext/0
iv-2udaavw4l02thdv8lcrl:3379:3627 [6] NCCL INFO Connected all rings
iv-2udaavw4l02thdv8lcrl:3379:3627 [6] NCCL INFO Connected all trees
iv-2udaavw4l02thdv8lcrl:3379:3627 [6] NCCL INFO threadThresholds 8/8/64 | 16/8/64 | 8/8/512
iv-2udaavw4l02thdv8lcrl:3379:3627 [6] NCCL INFO 2 coll channels, 2 p2p channels, 1 p2p channels per peer
iv-2udaavw4l02thdv8lcrl:3379:3627 [6] NCCL INFO comm 0x7fae7c008fb0 rank 1 nranks 2 cudaDev 6 busId 6b010 - Init COMPLETE
iv-2udaavw4l02thdv8lcrl:3380:3631 [7] NCCL INFO Channel 00 : 1[6b020] -> 0[6b020] [send] via NET/IBext/0
iv-2udaavw4l02thdv8lcrl:3374:3634 [1] NCCL INFO Channel 00 : 1[65020] -> 0[65020] [send] via NET/IBext/0
iv-2udaavw4l02thdv8lcrl:3376:3635 [3] NCCL INFO Channel 01 : 1[67020] -> 0[67020] [send] via NET/IBext/0
iv-2udaavw4l02thdv8lcrl:3375:3639 [2] NCCL INFO Channel 00 : 1[67010] -> 0[67010] [send] via NET/IBext/0
iv-2udaavw4l02thdv8lcrl:3373:3633 [0] NCCL INFO Channel 00 : 1[65010] -> 0[65010] [send] via NET/IBext/0
iv-2udaavw4l02thdv8lcrl:3378:3641 [5] NCCL INFO Channel 01 : 1[69020] -> 0[69020] [send] via NET/IBext/0/GDRDMA
iv-2udaavw4l02thdv8lcrl:3380:3631 [7] NCCL INFO Channel 01 : 1[6b020] -> 0[6b020] [send] via NET/IBext/0
iv-2udaavw4l02thdv8lcrl:3374:3634 [1] NCCL INFO Channel 01 : 1[65020] -> 0[65020] [send] via NET/IBext/0
iv-2udaavw4l02thdv8lcrl:3375:3639 [2] NCCL INFO Channel 01 : 1[67010] -> 0[67010] [send] via NET/IBext/0
iv-2udaavw4l02thdv8lcrl:3373:3633 [0] NCCL INFO Channel 01 : 1[65010] -> 0[65010] [send] via NET/IBext/0
iv-2udaavw4l02thdv8lcrl:3376:3635 [3] NCCL INFO Connected all rings
iv-2udaavw4l02thdv8lcrl:3376:3635 [3] NCCL INFO Connected all trees
iv-2udaavw4l02thdv8lcrl:3376:3635 [3] NCCL INFO threadThresholds 8/8/64 | 16/8/64 | 8/8/512
iv-2udaavw4l02thdv8lcrl:3376:3635 [3] NCCL INFO 2 coll channels, 2 p2p channels, 1 p2p channels per peer
iv-2udaavw4l02thdv8lcrl:3376:3635 [3] NCCL INFO comm 0x7fc684008fb0 rank 1 nranks 2 cudaDev 3 busId 67020 - Init COMPLETE
iv-2udaavw4l02thdv8lcrl:3380:3631 [7] NCCL INFO Connected all rings
iv-2udaavw4l02thdv8lcrl:3380:3631 [7] NCCL INFO Connected all trees
iv-2udaavw4l02thdv8lcrl:3380:3631 [7] NCCL INFO threadThresholds 8/8/64 | 16/8/64 | 8/8/512
iv-2udaavw4l02thdv8lcrl:3380:3631 [7] NCCL INFO 2 coll channels, 2 p2p channels, 1 p2p channels per peer
iv-2udaavw4l02thdv8lcrl:3380:3631 [7] NCCL INFO comm 0x7f5084008fb0 rank 1 nranks 2 cudaDev 7 busId 6b020 - Init COMPLETE
iv-2udaavw4l02thdv8lcrl:3375:3639 [2] NCCL INFO Connected all rings
iv-2udaavw4l02thdv8lcrl:3375:3639 [2] NCCL INFO Connected all trees
iv-2udaavw4l02thdv8lcrl:3375:3639 [2] NCCL INFO threadThresholds 8/8/64 | 16/8/64 | 8/8/512
iv-2udaavw4l02thdv8lcrl:3375:3639 [2] NCCL INFO 2 coll channels, 2 p2p channels, 1 p2p channels per peer
iv-2udaavw4l02thdv8lcrl:3375:3639 [2] NCCL INFO comm 0x7f1c50008fb0 rank 1 nranks 2 cudaDev 2 busId 67010 - Init COMPLETE
iv-2udaavw4l02thdv8lcrl:3373:3633 [0] NCCL INFO Connected all rings
iv-2udaavw4l02thdv8lcrl:3373:3633 [0] NCCL INFO Connected all trees
iv-2udaavw4l02thdv8lcrl:3373:3633 [0] NCCL INFO threadThresholds 8/8/64 | 16/8/64 | 8/8/512
iv-2udaavw4l02thdv8lcrl:3373:3633 [0] NCCL INFO 2 coll channels, 2 p2p channels, 1 p2p channels per peer
iv-2udaavw4l02thdv8lcrl:3373:3633 [0] NCCL INFO comm 0x7f4c34008fb0 rank 1 nranks 2 cudaDev 0 busId 65010 - Init COMPLETE
iv-2udaavw4l02thdv8lcrl:3374:3634 [1] NCCL INFO Connected all rings
iv-2udaavw4l02thdv8lcrl:3374:3634 [1] NCCL INFO Connected all trees
iv-2udaavw4l02thdv8lcrl:3374:3634 [1] NCCL INFO threadThresholds 8/8/64 | 16/8/64 | 8/8/512
iv-2udaavw4l02thdv8lcrl:3374:3634 [1] NCCL INFO 2 coll channels, 2 p2p channels, 1 p2p channels per peer
iv-2udaavw4l02thdv8lcrl:3374:3634 [1] NCCL INFO comm 0x7f7ec8008fb0 rank 1 nranks 2 cudaDev 1 busId 65020 - Init COMPLETE > number of parameters on (tensor, pipeline) model parallel rank (0, 3): 99461890
iv-2udaavw4l02thdv8lcrl:3377:3628 [4] NCCL INFO Connected all rings
iv-2udaavw4l02thdv8lcrl:3377:3628 [4] NCCL INFO Connected all trees
iv-2udaavw4l02thdv8lcrl:3377:3628 [4] NCCL INFO threadThresholds 8/8/64 | 16/8/64 | 8/8/512
iv-2udaavw4l02thdv8lcrl:3377:3628 [4] NCCL INFO 2 coll channels, 2 p2p channels, 1 p2p channels per peer
iv-2udaavw4l02thdv8lcrl:3377:3628 [4] NCCL INFO comm 0x7fd42c008fb0 rank 1 nranks 2 cudaDev 4 busId 69010 - Init COMPLETE
iv-2udaavw4l02thdv8lcrl:3378:3641 [5] NCCL INFO Connected all rings
iv-2udaavw4l02thdv8lcrl:3378:3641 [5] NCCL INFO Connected all trees
iv-2udaavw4l02thdv8lcrl:3378:3641 [5] NCCL INFO threadThresholds 8/8/64 | 16/8/64 | 8/8/512
iv-2udaavw4l02thdv8lcrl:3378:3641 [5] NCCL INFO 2 coll channels, 2 p2p channels, 1 p2p channels per peer
iv-2udaavw4l02thdv8lcrl:3378:3641 [5] NCCL INFO comm 0x7f5eb4008fb0 rank 1 nranks 2 cudaDev 5 busId 69020 - Init COMPLETE NCCL version 2.10.3+cuda11.4
iv-2udaavw4l02thdv8lcrl:3374:3654 [1] NCCL INFO Trees [0] 6/-1/-1->1->3 [1] 6/-1/-1->1->3 [2] 3/-1/-1->1->6 [3] 3/-1/-1->1->6 [4] 2/-1/-1->1->0 [5] -1/-1/-1->1->2 [6] 6/-1/-1->1->3 [7] 6/-1/-1->1->3 [8] 3/-1/-1->1->6 [9] 3/-1/-1->1->6 [10] 2/-1/-1->1->0 [11] -1/-1/-1->1->2
iv-2udaavw4l02thdv8lcrl:3374:3654 [1] NCCL INFO Setting affinity for GPU 1 to 03ff,ffffffff
iv-2udaavw4l02thdv8lcrl:3376:3656 [3] NCCL INFO Trees [0] 1/-1/-1->3->2 [1] 1/-1/-1->3->2 [2] 2/-1/-1->3->1 [3] 2/-1/-1->3->1 [4] -1/-1/-1->3->4 [5] 4/-1/-1->3->0 [6] 1/-1/-1->3->2 [7] 1/-1/-1->3->2 [8] 2/-1/-1->3->1 [9] 2/-1/-1->3->1 [10] -1/-1/-1->3->4 [11] 4/-1/-1->3->0
iv-2udaavw4l02thdv8lcrl:3376:3656 [3] NCCL INFO Setting affinity for GPU 3 to 03ff,ffffffff
iv-2udaavw4l02thdv8lcrl:3377:3655 [4] NCCL INFO Trees [0] 5/-1/-1->4->6 [1] 5/-1/-1->4->6 [2] 6/-1/-1->4->5 [3] 6/-1/-1->4->5 [4] 3/-1/-1->4->7 [5] 7/-1/-1->4->3 [6] 5/-1/-1->4->6 [7] 5/-1/-1->4->6 [8] 6/-1/-1->4->5 [9] 6/-1/-1->4->5 [10] 3/-1/-1->4->7 [11] 7/-1/-1->4->3
iv-2udaavw4l02thdv8lcrl:3375:3653 [2] NCCL INFO Trees [0] 3/-1/-1->2->0 [1] 3/-1/-1->2->0 [2] -1/-1/-1->2->3 [3] -1/-1/-1->2->3 [4] 5/-1/-1->2->1 [5] 1/-1/-1->2->5 [6] 3/-1/-1->2->0 [7] 3/-1/-1->2->0 [8] -1/-1/-1->2->3 [9] -1/-1/-1->2->3 [10] 5/-1/-1->2->1 [11] 1/-1/-1->2->5
iv-2udaavw4l02thdv8lcrl:3377:3655 [4] NCCL INFO Setting affinity for GPU 4 to 0fffff,fffffc00,00000000
iv-2udaavw4l02thdv8lcrl:3375:3653 [2] NCCL INFO Setting affinity for GPU 2 to 03ff,ffffffff
iv-2udaavw4l02thdv8lcrl:3378:3659 [5] NCCL INFO Trees [0] 7/-1/-1->5->4 [1] 7/-1/-1->5->4 [2] 4/-1/-1->5->7 [3] 4/-1/-1->5->7 [4] 6/-1/-1->5->2 [5] 2/-1/-1->5->6 [6] 7/-1/-1->5->4 [7] 7/-1/-1->5->4 [8] 4/-1/-1->5->7 [9] 4/-1/-1->5->7 [10] 6/-1/-1->5->2 [11] 2/-1/-1->5->6
iv-2udaavw4l02thdv8lcrl:3378:3659 [5] NCCL INFO Setting affinity for GPU 5 to 0fffff,fffffc00,00000000
iv-2udaavw4l02thdv8lcrl:3379:3657 [6] NCCL INFO Trees [0] 4/-1/-1->6->1 [1] 4/-1/-1->6->1 [2] 1/-1/-1->6->4 [3] 1/-1/-1->6->4 [4] 7/-1/-1->6->5 [5] 5/-1/-1->6->7 [6] 4/-1/-1->6->1 [7] 4/-1/-1->6->1 [8] 1/-1/-1->6->4 [9] 1/-1/-1->6->4 [10] 7/-1/-1->6->5 [11] 5/-1/-1->6->7
iv-2udaavw4l02thdv8lcrl:3373:3652 [0] NCCL INFO Channel 00/12 : 0 2 3 1 6 4 5 7
iv-2udaavw4l02thdv8lcrl:3373:3652 [0] NCCL INFO Channel 01/12 : 0 2 3 1 6 4 5 7
iv-2udaavw4l02thdv8lcrl:3379:3657 [6] NCCL INFO Setting affinity for GPU 6 to 0fffff,fffffc00,00000000
iv-2udaavw4l02thdv8lcrl:3373:3652 [0] NCCL INFO Channel 02/12 : 0 7 5 4 6 1 3 2
iv-2udaavw4l02thdv8lcrl:3380:3658 [7] NCCL INFO Trees [0] -1/-1/-1->7->5 [1] -1/-1/-1->7->5 [2] 5/-1/-1->7->0 [3] 5/-1/-1->7->0 [4] 4/-1/-1->7->6 [5] 6/-1/-1->7->4 [6] -1/-1/-1->7->5 [7] -1/-1/-1->7->5 [8] 5/-1/-1->7->0 [9] 5/-1/-1->7->0 [10] 4/-1/-1->7->6 [11] 6/-1/-1->7->4
iv-2udaavw4l02thdv8lcrl:3373:3652 [0] NCCL INFO Channel 03/12 : 0 7 5 4 6 1 3 2
iv-2udaavw4l02thdv8lcrl:3373:3652 [0] NCCL INFO Channel 04/12 : 0 1 2 5 6 7 4 3
iv-2udaavw4l02thdv8lcrl:3380:3658 [7] NCCL INFO Setting affinity for GPU 7 to 0fffff,fffffc00,00000000
iv-2udaavw4l02thdv8lcrl:3373:3652 [0] NCCL INFO Channel 05/12 : 0 3 4 7 6 5 2 1
iv-2udaavw4l02thdv8lcrl:3373:3652 [0] NCCL INFO Channel 06/12 : 0 2 3 1 6 4 5 7
iv-2udaavw4l02thdv8lcrl:3373:3652 [0] NCCL INFO Channel 07/12 : 0 2 3 1 6 4 5 7
iv-2udaavw4l02thdv8lcrl:3373:3652 [0] NCCL INFO Channel 08/12 : 0 7 5 4 6 1 3 2
iv-2udaavw4l02thdv8lcrl:3373:3652 [0] NCCL INFO Channel 09/12 : 0 7 5 4 6 1 3 2
iv-2udaavw4l02thdv8lcrl:3373:3652 [0] NCCL INFO Channel 10/12 : 0 1 2 5 6 7 4 3
iv-2udaavw4l02thdv8lcrl:3373:3652 [0] NCCL INFO Channel 11/12 : 0 3 4 7 6 5 2 1
iv-2udaavw4l02thdv8lcrl:3373:3652 [0] NCCL INFO Trees [0] 2/-1/-1->0->-1 [1] 2/-1/-1->0->-1 [2] 7/-1/-1->0->-1 [3] 7/-1/-1->0->-1 [4] 1/-1/-1->0->-1 [5] 3/-1/-1->0->-1 [6] 2/-1/-1->0->-1 [7] 2/-1/-1->0->-1 [8] 7/-1/-1->0->-1 [9] 7/-1/-1->0->-1 [10] 1/-1/-1->0->-1 [11] 3/-1/-1->0->-1
iv-2udaavw4l02thdv8lcrl:3373:3652 [0] NCCL INFO Setting affinity for GPU 0 to 03ff,ffffffff
iv-2udaavw4l02thdv8lcrl:3374:3654 [1] NCCL INFO Channel 04 : 1[65020] -> 2[67010] via P2P/IPC
iv-2udaavw4l02thdv8lcrl:3377:3655 [4] NCCL INFO Channel 00 : 4[69010] -> 5[69020] via P2P/IPC
iv-2udaavw4l02thdv8lcrl:3375:3653 [2] NCCL INFO Channel 00 : 2[67010] -> 3[67020] via P2P/IPC
iv-2udaavw4l02thdv8lcrl:3379:3657 [6] NCCL INFO Channel 04 : 6[6b010] -> 7[6b020] via P2P/IPC
iv-2udaavw4l02thdv8lcrl:3380:3658 [7] NCCL INFO Channel 00 : 7[6b020] -> 0[65010] via P2P/IPC
iv-2udaavw4l02thdv8lcrl:3374:3654 [1] NCCL INFO Channel 10 : 1[65020] -> 2[67010] via P2P/IPC
iv-2udaavw4l02thdv8lcrl:3377:3655 [4] NCCL INFO Channel 01 : 4[69010] -> 5[69020] via P2P/IPC
iv-2udaavw4l02thdv8lcrl:3375:3653 [2] NCCL INFO Channel 01 : 2[67010] -> 3[67020] via P2P/IPC
iv-2udaavw4l02thdv8lcrl:3379:3657 [6] NCCL INFO Channel 10 : 6[6b010] -> 7[6b020] via P2P/IPC
iv-2udaavw4l02thdv8lcrl:3380:3658 [7] NCCL INFO Channel 01 : 7[6b020] -> 0[65010] via P2P/IPC
iv-2udaavw4l02thdv8lcrl:3377:3655 [4] NCCL INFO Channel 06 : 4[69010] -> 5[69020] via P2P/IPC
iv-2udaavw4l02thdv8lcrl:3376:3656 [3] NCCL INFO Channel 05 : 3[67020] -> 4[69010] via P2P/IPC
iv-2udaavw4l02thdv8lcrl:3378:3659 [5] NCCL INFO Channel 04 : 5[69020] -> 6[6b010] via P2P/IPC
iv-2udaavw4l02thdv8lcrl:3375:3653 [2] NCCL INFO Channel 06 : 2[67010] -> 3[67020] via P2P/IPC
iv-2udaavw4l02thdv8lcrl:3373:3652 [0] NCCL INFO Channel 04 : 0[65010] -> 1[65020] via P2P/IPC
iv-2udaavw4l02thdv8lcrl:3380:3658 [7] NCCL INFO Channel 06 : 7[6b020] -> 0[65010] via P2P/IPC
iv-2udaavw4l02thdv8lcrl:3377:3655 [4] NCCL INFO Channel 07 : 4[69010] -> 5[69020] via P2P/IPC
iv-2udaavw4l02thdv8lcrl:3376:3656 [3] NCCL INFO Channel 11 : 3[67020] -> 4[69010] via P2P/IPC
iv-2udaavw4l02thdv8lcrl:3378:3659 [5] NCCL INFO Channel 10 : 5[69020] -> 6[6b010] via P2P/IPC
iv-2udaavw4l02thdv8lcrl:3375:3653 [2] NCCL INFO Channel 07 : 2[67010] -> 3[67020] via P2P/IPC
iv-2udaavw4l02thdv8lcrl:3380:3658 [7] NCCL INFO Channel 07 : 7[6b020] -> 0[65010] via P2P/IPC
iv-2udaavw4l02thdv8lcrl:3373:3652 [0] NCCL INFO Channel 10 : 0[65010] -> 1[65020] via P2P/IPC
iv-2udaavw4l02thdv8lcrl:3374:3654 [1] NCCL INFO Channel 02 : 1[65020] -> 3[67020] via P2P/IPC
iv-2udaavw4l02thdv8lcrl:3377:3655 [4] NCCL INFO Channel 02 : 4[69010] -> 6[6b010] via P2P/IPC
iv-2udaavw4l02thdv8lcrl:3378:3659 [5] NCCL INFO Channel 00 : 5[69020] -> 7[6b020] via P2P/IPC
iv-2udaavw4l02thdv8lcrl:3374:3654 [1] NCCL INFO Channel 03 : 1[65020] -> 3[67020] via P2P/IPC
iv-2udaavw4l02thdv8lcrl:3373:3652 [0] NCCL INFO Channel 00 : 0[65010] -> 2[67010] via P2P/IPC
iv-2udaavw4l02thdv8lcrl:3377:3655 [4] NCCL INFO Channel 03 : 4[69010] -> 6[6b010] via P2P/IPC
iv-2udaavw4l02thdv8lcrl:3378:3659 [5] NCCL INFO Channel 01 : 5[69020] -> 7[6b020] via P2P/IPC
iv-2udaavw4l02thdv8lcrl:3374:3654 [1] NCCL INFO Channel 08 : 1[65020] -> 3[67020] via P2P/IPC
iv-2udaavw4l02thdv8lcrl:3373:3652 [0] NCCL INFO Channel 01 : 0[65010] -> 2[67010] via P2P/IPC
iv-2udaavw4l02thdv8lcrl:3377:3655 [4] NCCL INFO Channel 08 : 4[69010] -> 6[6b010] via P2P/IPC
iv-2udaavw4l02thdv8lcrl:3378:3659 [5] NCCL INFO Channel 06 : 5[69020] -> 7[6b020] via P2P/IPC
iv-2udaavw4l02thdv8lcrl:3374:3654 [1] NCCL INFO Channel 09 : 1[65020] -> 3[67020] via P2P/IPC
iv-2udaavw4l02thdv8lcrl:3373:3652 [0] NCCL INFO Channel 06 : 0[65010] -> 2[67010] via P2P/IPC
iv-2udaavw4l02thdv8lcrl:3377:3655 [4] NCCL INFO Channel 09 : 4[69010] -> 6[6b010] via P2P/IPC
iv-2udaavw4l02thdv8lcrl:3378:3659 [5] NCCL INFO Channel 07 : 5[69020] -> 7[6b020] via P2P/IPC
iv-2udaavw4l02thdv8lcrl:3373:3652 [0] NCCL INFO Channel 07 : 0[65010] -> 2[67010] via P2P/IPC
iv-2udaavw4l02thdv8lcrl:3379:3657 [6] NCCL INFO Channel 02 : 6[6b010] -> 1[65020] via P2P/IPC
iv-2udaavw4l02thdv8lcrl:3377:3655 [4] NCCL INFO Channel 05 : 4[69010] -> 7[6b020] via P2P/IPC
iv-2udaavw4l02thdv8lcrl:3375:3653 [2] NCCL INFO Channel 04 : 2[67010] -> 5[69020] via P2P/IPC
iv-2udaavw4l02thdv8lcrl:3373:3652 [0] NCCL INFO Channel 05 : 0[65010] -> 3[67020] via P2P/IPC
iv-2udaavw4l02thdv8lcrl:3379:3657 [6] NCCL INFO Channel 03 : 6[6b010] -> 1[65020] via P2P/IPC
iv-2udaavw4l02thdv8lcrl:3377:3655 [4] NCCL INFO Channel 11 : 4[69010] -> 7[6b020] via P2P/IPC
iv-2udaavw4l02thdv8lcrl:3373:3652 [0] NCCL INFO Channel 11 : 0[65010] -> 3[67020] via P2P/IPC
iv-2udaavw4l02thdv8lcrl:3375:3653 [2] NCCL INFO Channel 10 : 2[67010] -> 5[69020] via P2P/IPC
iv-2udaavw4l02thdv8lcrl:3379:3657 [6] NCCL INFO Channel 08 : 6[6b010] -> 1[65020] via P2P/IPC
iv-2udaavw4l02thdv8lcrl:3379:3657 [6] NCCL INFO Channel 09 : 6[6b010] -> 1[65020] via P2P/IPC
iv-2udaavw4l02thdv8lcrl:3376:3656 [3] NCCL INFO Channel 04 : 3[67020] -> 0[65010] via P2P/IPC
iv-2udaavw4l02thdv8lcrl:3378:3659 [5] NCCL INFO Channel 05 : 5[69020] -> 2[67010] via P2P/IPC
iv-2udaavw4l02thdv8lcrl:3380:3658 [7] NCCL INFO Channel 04 : 7[6b020] -> 4[69010] via P2P/IPC
iv-2udaavw4l02thdv8lcrl:3376:3656 [3] NCCL INFO Channel 10 : 3[67020] -> 0[65010] via P2P/IPC
iv-2udaavw4l02thdv8lcrl:3378:3659 [5] NCCL INFO Channel 11 : 5[69020] -> 2[67010] via P2P/IPC
iv-2udaavw4l02thdv8lcrl:3380:3658 [7] NCCL INFO Channel 10 : 7[6b020] -> 4[69010] via P2P/IPC
iv-2udaavw4l02thdv8lcrl:3374:3654 [1] NCCL INFO Channel 00 : 1[65020] -> 6[6b010] via P2P/IPC
iv-2udaavw4l02thdv8lcrl:3376:3656 [3] NCCL INFO Channel 00 : 3[67020] -> 1[65020] via P2P/IPC
iv-2udaavw4l02thdv8lcrl:3375:3653 [2] NCCL INFO Channel 02 : 2[67010] -> 0[65010] via P2P/IPC
iv-2udaavw4l02thdv8lcrl:3380:3658 [7] NCCL INFO Channel 02 : 7[6b020] -> 5[69020] via P2P/IPC
iv-2udaavw4l02thdv8lcrl:3374:3654 [1] NCCL INFO Channel 01 : 1[65020] -> 6[6b010] via P2P/IPC
iv-2udaavw4l02thdv8lcrl:3376:3656 [3] NCCL INFO Channel 01 : 3[67020] -> 1[65020] via P2P/IPC
iv-2udaavw4l02thdv8lcrl:3375:3653 [2] NCCL INFO Channel 03 : 2[67010] -> 0[65010] via P2P/IPC
iv-2udaavw4l02thdv8lcrl:3380:3658 [7] NCCL INFO Channel 03 : 7[6b020] -> 5[69020] via P2P/IPC
iv-2udaavw4l02thdv8lcrl:3374:3654 [1] NCCL INFO Channel 06 : 1[65020] -> 6[6b010] via P2P/IPC
iv-2udaavw4l02thdv8lcrl:3376:3656 [3] NCCL INFO Channel 06 : 3[67020] -> 1[65020] via P2P/IPC
iv-2udaavw4l02thdv8lcrl:3375:3653 [2] NCCL INFO Channel 08 : 2[67010] -> 0[65010] via P2P/IPC
iv-2udaavw4l02thdv8lcrl:3380:3658 [7] NCCL INFO Channel 08 : 7[6b020] -> 5[69020] via P2P/IPC
iv-2udaavw4l02thdv8lcrl:3374:3654 [1] NCCL INFO Channel 07 : 1[65020] -> 6[6b010] via P2P/IPC
iv-2udaavw4l02thdv8lcrl:3376:3656 [3] NCCL INFO Channel 07 : 3[67020] -> 1[65020] via P2P/IPC
iv-2udaavw4l02thdv8lcrl:3375:3653 [2] NCCL INFO Channel 09 : 2[67010] -> 0[65010] via P2P/IPC
iv-2udaavw4l02thdv8lcrl:3380:3658 [7] NCCL INFO Channel 09 : 7[6b020] -> 5[69020] via P2P/IPC
iv-2udaavw4l02thdv8lcrl:3379:3657 [6] NCCL INFO Channel 00 : 6[6b010] -> 4[69010] via P2P/IPC
iv-2udaavw4l02thdv8lcrl:3379:3657 [6] NCCL INFO Channel 01 : 6[6b010] -> 4[69010] via P2P/IPC
iv-2udaavw4l02thdv8lcrl:3379:3657 [6] NCCL INFO Channel 06 : 6[6b010] -> 4[69010] via P2P/IPC
iv-2udaavw4l02thdv8lcrl:3378:3659 [5] NCCL INFO Channel 02 : 5[69020] -> 4[69010] via P2P/IPC
iv-2udaavw4l02thdv8lcrl:3373:3652 [0] NCCL INFO Channel 02 : 0[65010] -> 7[6b020] via P2P/IPC
iv-2udaavw4l02thdv8lcrl:3379:3657 [6] NCCL INFO Channel 07 : 6[6b010] -> 4[69010] via P2P/IPC
iv-2udaavw4l02thdv8lcrl:3373:3652 [0] NCCL INFO Channel 03 : 0[65010] -> 7[6b020] via P2P/IPC
iv-2udaavw4l02thdv8lcrl:3378:3659 [5] NCCL INFO Channel 03 : 5[69020] -> 4[69010] via P2P/IPC
iv-2udaavw4l02thdv8lcrl:3380:3658 [7] NCCL INFO Channel 05 : 7[6b020] -> 6[6b010] via P2P/IPC
iv-2udaavw4l02thdv8lcrl:3373:3652 [0] NCCL INFO Channel 08 : 0[65010] -> 7[6b020] via P2P/IPC
iv-2udaavw4l02thdv8lcrl:3378:3659 [5] NCCL INFO Channel 08 : 5[69020] -> 4[69010] via P2P/IPC
iv-2udaavw4l02thdv8lcrl:3375:3653 [2] NCCL INFO Channel 05 : 2[67010] -> 1[65020] via P2P/IPC
iv-2udaavw4l02thdv8lcrl:3380:3658 [7] NCCL INFO Channel 11 : 7[6b020] -> 6[6b010] via P2P/IPC
iv-2udaavw4l02thdv8lcrl:3373:3652 [0] NCCL INFO Channel 09 : 0[65010] -> 7[6b020] via P2P/IPC
iv-2udaavw4l02thdv8lcrl:3378:3659 [5] NCCL INFO Channel 09 : 5[69020] -> 4[69010] via P2P/IPC
iv-2udaavw4l02thdv8lcrl:3375:3653 [2] NCCL INFO Channel 11 : 2[67010] -> 1[65020] via P2P/IPC
iv-2udaavw4l02thdv8lcrl:3374:3654 [1] NCCL INFO Channel 05 : 1[65020] -> 0[65010] via P2P/IPC
iv-2udaavw4l02thdv8lcrl:3376:3656 [3] NCCL INFO Channel 02 : 3[67020] -> 2[67010] via P2P/IPC
iv-2udaavw4l02thdv8lcrl:3379:3657 [6] NCCL INFO Channel 05 : 6[6b010] -> 5[69020] via P2P/IPC
iv-2udaavw4l02thdv8lcrl:3376:3656 [3] NCCL INFO Channel 03 : 3[67020] -> 2[67010] via P2P/IPC
iv-2udaavw4l02thdv8lcrl:3374:3654 [1] NCCL INFO Channel 11 : 1[65020] -> 0[65010] via P2P/IPC
iv-2udaavw4l02thdv8lcrl:3379:3657 [6] NCCL INFO Channel 11 : 6[6b010] -> 5[69020] via P2P/IPC
iv-2udaavw4l02thdv8lcrl:3377:3655 [4] NCCL INFO Channel 04 : 4[69010] -> 3[67020] via P2P/IPC
iv-2udaavw4l02thdv8lcrl:3376:3656 [3] NCCL INFO Channel 08 : 3[67020] -> 2[67010] via P2P/IPC
iv-2udaavw4l02thdv8lcrl:3377:3655 [4] NCCL INFO Channel 10 : 4[69010] -> 3[67020] via P2P/IPC
iv-2udaavw4l02thdv8lcrl:3376:3656 [3] NCCL INFO Channel 09 : 3[67020] -> 2[67010] via P2P/IPC
iv-2udaavw4l02thdv8lcrl:3374:3654 [1] NCCL INFO Connected all rings
iv-2udaavw4l02thdv8lcrl:3379:3657 [6] NCCL INFO Connected all rings
iv-2udaavw4l02thdv8lcrl:3374:3654 [1] NCCL INFO Channel 05 : 1[65020] -> 2[67010] via P2P/IPC
iv-2udaavw4l02thdv8lcrl:3373:3652 [0] NCCL INFO Connected all rings
iv-2udaavw4l02thdv8lcrl:3380:3658 [7] NCCL INFO Connected all rings
iv-2udaavw4l02thdv8lcrl:3374:3654 [1] NCCL INFO Channel 11 : 1[65020] -> 2[67010] via P2P/IPC
iv-2udaavw4l02thdv8lcrl:3378:3659 [5] NCCL INFO Connected all rings
iv-2udaavw4l02thdv8lcrl:3377:3655 [4] NCCL INFO Connected all rings
iv-2udaavw4l02thdv8lcrl:3375:3653 [2] NCCL INFO Connected all rings
iv-2udaavw4l02thdv8lcrl:3376:3656 [3] NCCL INFO Connected all rings
iv-2udaavw4l02thdv8lcrl:3379:3657 [6] NCCL INFO Channel 05 : 6[6b010] -> 7[6b020] via P2P/IPC
iv-2udaavw4l02thdv8lcrl:3380:3658 [7] NCCL INFO Channel 02 : 7[6b020] -> 0[65010] via P2P/IPC
iv-2udaavw4l02thdv8lcrl:3379:3657 [6] NCCL INFO Channel 11 : 6[6b010] -> 7[6b020] via P2P/IPC
iv-2udaavw4l02thdv8lcrl:3380:3658 [7] NCCL INFO Channel 03 : 7[6b020] -> 0[65010] via P2P/IPC
iv-2udaavw4l02thdv8lcrl:3377:3655 [4] NCCL INFO Channel 02 : 4[69010] -> 5[69020] via P2P/IPC
iv-2udaavw4l02thdv8lcrl:3375:3653 [2] NCCL INFO Channel 02 : 2[67010] -> 3[67020] via P2P/IPC
iv-2udaavw4l02thdv8lcrl:3380:3658 [7] NCCL INFO Channel 08 : 7[6b020] -> 0[65010] via P2P/IPC
iv-2udaavw4l02thdv8lcrl:3375:3653 [2] NCCL INFO Channel 03 : 2[67010] -> 3[67020] via P2P/IPC
iv-2udaavw4l02thdv8lcrl:3377:3655 [4] NCCL INFO Channel 03 : 4[69010] -> 5[69020] via P2P/IPC
iv-2udaavw4l02thdv8lcrl:3380:3658 [7] NCCL INFO Channel 09 : 7[6b020] -> 0[65010] via P2P/IPC
iv-2udaavw4l02thdv8lcrl:3378:3659 [5] NCCL INFO Channel 05 : 5[69020] -> 6[6b010] via P2P/IPC
iv-2udaavw4l02thdv8lcrl:3376:3656 [3] NCCL INFO Channel 04 : 3[67020] -> 4[69010] via P2P/IPC
iv-2udaavw4l02thdv8lcrl:3377:3655 [4] NCCL INFO Channel 08 : 4[69010] -> 5[69020] via P2P/IPC
iv-2udaavw4l02thdv8lcrl:3375:3653 [2] NCCL INFO Channel 08 : 2[67010] -> 3[67020] via P2P/IPC
iv-2udaavw4l02thdv8lcrl:3376:3656 [3] NCCL INFO Channel 10 : 3[67020] -> 4[69010] via P2P/IPC
iv-2udaavw4l02thdv8lcrl:3378:3659 [5] NCCL INFO Channel 11 : 5[69020] -> 6[6b010] via P2P/IPC
iv-2udaavw4l02thdv8lcrl:3377:3655 [4] NCCL INFO Channel 09 : 4[69010] -> 5[69020] via P2P/IPC
iv-2udaavw4l02thdv8lcrl:3375:3653 [2] NCCL INFO Channel 09 : 2[67010] -> 3[67020] via P2P/IPC
iv-2udaavw4l02thdv8lcrl:3374:3654 [1] NCCL INFO Channel 00 : 1[65020] -> 3[67020] via P2P/IPC
iv-2udaavw4l02thdv8lcrl:3374:3654 [1] NCCL INFO Channel 01 : 1[65020] -> 3[67020] via P2P/IPC
iv-2udaavw4l02thdv8lcrl:3374:3654 [1] NCCL INFO Channel 06 : 1[65020] -> 3[67020] via P2P/IPC
iv-2udaavw4l02thdv8lcrl:3377:3655 [4] NCCL INFO Channel 00 : 4[69010] -> 6[6b010] via P2P/IPC
iv-2udaavw4l02thdv8lcrl:3378:3659 [5] NCCL INFO Channel 02 : 5[69020] -> 7[6b020] via P2P/IPC
iv-2udaavw4l02thdv8lcrl:3375:3653 [2] NCCL INFO Channel 05 : 2[67010] -> 5[69020] via P2P/IPC
iv-2udaavw4l02thdv8lcrl:3374:3654 [1] NCCL INFO Channel 07 : 1[65020] -> 3[67020] via P2P/IPC
iv-2udaavw4l02thdv8lcrl:3377:3655 [4] NCCL INFO Channel 01 : 4[69010] -> 6[6b010] via P2P/IPC
iv-2udaavw4l02thdv8lcrl:3378:3659 [5] NCCL INFO Channel 03 : 5[69020] -> 7[6b020] via P2P/IPC
iv-2udaavw4l02thdv8lcrl:3375:3653 [2] NCCL INFO Channel 11 : 2[67010] -> 5[69020] via P2P/IPC
iv-2udaavw4l02thdv8lcrl:3377:3655 [4] NCCL INFO Channel 06 : 4[69010] -> 6[6b010] via P2P/IPC
iv-2udaavw4l02thdv8lcrl:3378:3659 [5] NCCL INFO Channel 08 : 5[69020] -> 7[6b020] via P2P/IPC
iv-2udaavw4l02thdv8lcrl:3377:3655 [4] NCCL INFO Channel 07 : 4[69010] -> 6[6b010] via P2P/IPC
iv-2udaavw4l02thdv8lcrl:3378:3659 [5] NCCL INFO Channel 09 : 5[69020] -> 7[6b020] via P2P/IPC
iv-2udaavw4l02thdv8lcrl:3376:3656 [3] NCCL INFO Channel 05 : 3[67020] -> 0[65010] via P2P/IPC
iv-2udaavw4l02thdv8lcrl:3379:3657 [6] NCCL INFO Channel 00 : 6[6b010] -> 1[65020] via P2P/IPC
iv-2udaavw4l02thdv8lcrl:3377:3655 [4] NCCL INFO Channel 04 : 4[69010] -> 7[6b020] via P2P/IPC
iv-2udaavw4l02thdv8lcrl:3376:3656 [3] NCCL INFO Channel 11 : 3[67020] -> 0[65010] via P2P/IPC
iv-2udaavw4l02thdv8lcrl:3379:3657 [6] NCCL INFO Channel 01 : 6[6b010] -> 1[65020] via P2P/IPC
iv-2udaavw4l02thdv8lcrl:3377:3655 [4] NCCL INFO Channel 10 : 4[69010] -> 7[6b020] via P2P/IPC
iv-2udaavw4l02thdv8lcrl:3379:3657 [6] NCCL INFO Channel 06 : 6[6b010] -> 1[65020] via P2P/IPC
iv-2udaavw4l02thdv8lcrl:3379:3657 [6] NCCL INFO Channel 07 : 6[6b010] -> 1[65020] via P2P/IPC
